2 - 10*u + 11. Determine r(n).
-5
Let t(j) = j**3 - 4*j**2 - 2*j + 3. Suppose 6*k - k = -2*n + 43, 3*n - k = 39. Suppose 21 = -y - 5*r, -n = 3*r + 1. What is t(y)?
-5
Let h(i) = 2*i**3 - 9*i**2 - 2*i - 1. Let r(m) = m**3 - 4*m**2 - m - 1. Let d(z) = 3*h(z) - 7*r(z). What is d(3)?
-11
Let m(x) = -x + 2 + 7 + 0 + 8. Give m(0).
17
Let m(i) = i**3 + i**2 - 2*i + 1. Let w be m(-2). Let u(l) = -l**2 - l + 1. What is u(w)?
-1
Let k(m) = -240*m - 3 + 121*m + m**2 + 114*m. Suppose 2*q + 8 = -4*o, 5*o + 3 = -17. Determine k(q).
-7
Let b(c) be the third derivative of -5/24*c**4 + 5/6*c**3 + 1/15*c**5 + 0 + 0*c + 1/120*c**6 + 2*c**2. What is b(-5)?
5
Suppose 5*w + 9 + 11 = -k, 0 = -w + 5*k - 4. Let v(j) = j**3 + 3*j**2 + 4. Determine v(w).
-12
Let c(h) = h**2 - 3*h - 4. Let z be c(4). Let q(r) = r + z*r - 1 - 6*r. Calculate q(-2).
9
Suppose 30 = -4*n + 3*n. Let b be (1/(-3))/(2/n). Let j(w) = -1 - 24*w + 24*w - b*w**3 + 2*w**2. Determine j(1).
-4
Let a(b) = -b**3 + 3*b**2 - 4*b + 4. Let o be (-3 - (2 + -2))/(-4 + 3). Give a(o).
-8
Let k = -6 - -3. Let p be (2/k)/((-3)/9). Let z(o) = 1 + o**2 - 6*o**p + 2*o**2. Calculate z(1).
-2
Let g be 4/4*(-2 - -2). Let y(x) = -2*x - 4*x**2 - 6 + g*x + 2 - x**3. Give y(-4).
4
Let n(m) = m**3 + 3*m**2 - 3*m - 5. Let h be n(-4). Let x be (1 + h/6)*0. Let j(i) = i**3 + i**2 - i + 2. Determine j(x).
2
Suppose -17*v - 8 = -18*v. Let i(b) = b**3 - 7*b**2 - 7*b - 6. Calculate i(v).
2
Let r(s) be the third derivative of -s**8/20160 + s**7/1260 + s**6/144 + s**5/15 - s**2. Let x(o) be the third derivative of r(o). Determine x(5).
0
Let o(l) = -8*l - 1. Let n be o(-1). Let u(x) = -n + 1 + x + 3 + 1. Give u(7).
5
Let m(p) = p**2 + 8*p + 9. Let x be (-4)/18 - 183/27. Let c be m(x). Let v = 0 - c. Let u(q) = 2*q - 1. Calculate u(v).
-5
Let n = -5 + 5. Suppose -4*l = -n*l. Let s(x) = x**3 + 5. Give s(l).
5
Let f(p) = 13*p**2 + 2*p + 2. Let a(o) = 7*o**2 + o + 1. Let j(i) = 11*a(i) - 6*f(i). What is j(-3)?
-7
Let w = -59 + 57. Let m(g) = -g**3 - g**2 - 2*g + 1. Determine m(w).
9
Let u(x) = x**3 + 3*x**2 - x + 4. Let z(b) = -b**3 + b**2 - b + 3. Let i be z(0). Suppose r = l - 3*r + 19, 2*l = 4*r - 26. Let a = i + l. Give u(a).
-8
Let s(r) be the second derivative of -1/6*r**3 + 5/2*r**2 + 0 + r. What is s(4)?
1
Let d(j) = 3*j - 2. Let s be d(2). Let z(p) be the third derivative of p**6/120 - p**5/20 - p**4/4 + 2*p**3/3 + 5*p**2. Give z(s).
-4
Suppose 5*g - 3 = 17. Let b(u) be the first derivative of -u**4/4 + 5*u**3/3 - u**2/2 - 5*u - 3. Determine b(g).
7
Let r(h) = -h**3 + 7*h**2 - 8*h + 1. Suppose -k - 4 + 1 = 0, 2*k + 38 = 4*m. Suppose -m*b + 12 = -6*b. Calculate r(b).
-11
Let k(x) = x**2 + 7*x - 5. Let g(c) = 2*c**2 + 15*c - 11. Suppose -n + 3*n + 12 = 0. Let a(r) = n*g(r) + 13*k(r). Give a(-3).
7
Let g(k) = k**3 + k**2 + k + 1. Suppose -2*d = -16 + 6. Let h(x) = -1 - 3*x - 4*x**3 - 6*x - 7*x**2 - x**2. Let f(m) = d*g(m) + h(m). Give f(4).
4
Let x be (2 - 1)*(6 - 5). Let a(h) be the third derivative of -h**4/3 - h**2. Determine a(x).
-8
Let m(s) = -3*s - 2. Let f(q) = -2*q - 1. Let c(w) = -5*f(w) + 3*m(w). Calculate c(-1).
-2
Let q(x) be the first derivative of 1/120*x**6 + 0*x**4 - 1 + 0*x - 5/6*x**3 + 1/15*x**5 + 3/2*x**2. Let d(b) be the second derivative of q(b). What is d(-4)?
-5
Suppose 2*o = -0 + 4. Let j be (-24)/(-14) + 6/21. Let q(x) = -4*x**j + 3*x**2 - 2*x + 27*x**3 - 26*x**3. What is q(o)?
0
Let d(u) = -u - 1. Let o(x) = -x**2 - 5*x - 4. Let v be o(-4). Let z(p) = -p + 10. Let n be z(v). Suppose -f = -6*f + n. Give d(f).
-3
Let q(v) = -v. Suppose -1 + 2 = -p. Let g = 3 - p. Give q(g).
-4
Let m(n) = -n. Let q be m(0). Let i(r) be the third derivative of r**5/60 - r**4/24 + r**3/3 + r**2. What is i(q)?
2
Let s(o) = -o**2 - 6*o + 4. Let k = -21 + 15. Let x be s(k). Let d(q) = q**3 - 6*q**2 + 5*q + 4. Give d(x).
-8
Let p(d) = 5*d - 1. Suppose 5*l - 3*t = 18, 3*l - 2*t - 8 = l. Let y(s) = s + 1. Let a(k) = -3*k - 6. Let w(x) = a(x) + 4*y(x). Let q be w(l). What is p(q)?
4
Suppose 4*l = 4*r, -16 = 5*l + 4*r + 20. Suppose -4*c + 29 = 9. Let m = c + l. Let s(t) = -9*t**2 + t. Give s(m).
-8
Let j(i) = -5*i + 40. Let t(b) = 8 + 5*b - 7*b + b. Let k(a) = -2*j(a) + 11*t(a). What is k(4)?
4
Let o(u) = -3*u + 9. Let t = -13 + 20. Determine o(t).
-12
Suppose -4*s + 4 = 5*f - 5, 0 = 4*f + 3*s - 7. Let k be (-44)/14 - f/(-7). Let i(d) = -d**3 - 3*d**2 + 2*d. What is i(k)?
-6
Let w(l) be the third derivative of l**5/12 - 5*l**4/24 - l**3/2 - l**2. Let v(a) = 9*a**2 - 10*a - 7. Let o(s) = 4*v(s) - 7*w(s). What is o(6)?
-1
Let r(t) = -2 - 1 - t**2 + 0 + 0 - 8*t. Calculate r(-4).
13
Let c(u) = u**2 - 5*u + 4. Let h(w) = -2*w**3 + 27*w**2 + 16*w - 25. Let f be h(14). Determine c(f).
-2
Suppose -12*m + 5*m + 14 = 0. Let c(r) = -3*r + 2. Give c(m).
-4
Let l(o) be the second derivative of 2*o - 1/3*o**4 + 1/2*o**2 + 0 + 0*o**3. What is l(1)?
-3
Let x = 0 + 1. Let z(y) = -12*y**3 - y**2 - y + 1. Give z(x).
-13
Let a be -2 + -8*1/2. Let t(b) = b**3 + 5*b**2 - 7*b - 6. Calculate t(a).
0
Let h(z) be the second derivative of -z**7/840 - z**6/180 - z**5/40 + 2*z**3/3 - 3*z. Let g(l) be the second derivative of h(l). Let r = -4 - -2. Give g(r).
6
Let o(l) be the third derivative of l**6/24 + l**5/60 + l**4/24 + 2*l**2. Calculate o(-1).
-5
Let b(u) = u**2 + u. Let j(t) = t + 11. Let r be j(-6). Suppose 0*w = -r*w + 15. Suppose 2 = -w*m + 4*m. What is b(m)?
6
Let m be (-1)/(-2) + (-5)/10. Suppose m = 3*u - 7 - 2. Let o(h) = 0 - 2 + h + 0. What is o(u)?
1
Let i(h) = 3*h**3 + 6*h**2 + h - 1. Let o(q) = 4*q**3 + 7*q**2 - 2. Let d(w) = -3*i(w) + 2*o(w). Let t(m) = -2*m - 4 + 2 + 9. Let k be t(5). What is d(k)?
-1
Let s(g) = 6 - 1 + 64*g - 65*g. Determine s(4).
1
Let a(r) = r**3 + 2*r**2 + 2. Let s be a(-2). Let d(k) = -s*k + k + 2 + 0. Let z(p) = -p**3 + 8*p**2 - p + 8. Let b be z(8). Calculate d(b).
2
Let n(l) = l + 10. Let w be n(-7). Suppose 0 = 4*q - w*j + 1, -4*q + 2*j + 0 = -2. Let k(i) = 0*i - q + 3*i + i**2 + 2*i. Calculate k(-5).
-2
Suppose 0 = -5*t - 4*a + 24, 4*t + 4 = 4*a + 16. Let n(j) be the third derivative of 1/20*j**5 + 0*j + 1/8*j**t + 0 - 1/2*j**3 - j**2 - 1/120*j**6. Give n(3).
6
Let s(z) = z**3 + 6*z**2 - 9*z - 9. Let x be s(-7). Let n(f) = f**2 - 4*f + 7 + 2 - x + f**2. Determine n(3).
10
Let u(b) = -b**2 - 5*b. Let g be u(-6). Let r(n) be the third derivative of n**6/120 + n**5/12 - n**4/6 - 20*n**2. What is r(g)?
-12
Let t(b) = -b**2 + 6*b. Let s be t(4). Let r = 6 - s. Let i(o) = -3*o. Calculate i(r).
6
Let c be (-2)/(-1) + (0 - -1). Let r be (9/1)/c*1. Let b(q) = 4*q - 3*q - 2*q - 5*q**r + 1. Give b(1).
-5
Let q = -10 + 6. Let z be (q + -1)/(-1)*1. Let s(w) = 3*w + 2 + 0*w - 6*w + 4*w. Determine s(z).
7
Let q(m) = -4 + 100*m + 5 - 117*m. What is q(-1)?
18
Let v(q) be the first derivative of q**4/4 + 3*q - 2. Suppose -3*y = y. What is v(y)?
3
Let a(v) = 4*v - 5. Let g(p) = -3*p + 5. Let s(r) = 4*a(r) + 5*g(r). Let z = -5 + 6. Let x(n) = -3*n - 1. Let m be x(z). Give s(m).
1
Let y(o) = 4 - 3*o**2 + o**3 - o + 3*o - 8. Let t be 0 - 0 - (-3)/1. Give y(t).
2
Let d = 4 - 3. Let m = d - 0. Let y be 1/(-2) - m/(-2). Let b(j) = j + 6. Give b(y).
6
Suppose -5*q + 3*c = 2*c - 8, 0 = 5*c - 10. Let f(b) = -q*b + 0*b**2 + b**2 + 2 + b. Let r be (4/(-10))/((-174)/30 + 6). Calculate f(r).
8
Let g(y) = 2*y**2 + 5*y + 3. Let f be g(-3). Suppose m + 1 = 0, -2*m + 6 = -2*l - f*m. Let a(d) = -7*d**2 + 2*d + 1. Give a(l).
-8
Suppose 4*f - 3*f = 6. Let h(s) = 7*s + 2*s**2 - 2*s**2 - 9 - s**2. What is h(f)?
-3
Let b be (2 + -2)*(-3)/6. Let c(s) = -1 - s**3 - 2*s + 4*s**2 + 2*s - s + b*s**3. Determine c(4).
-5
Let g(f) = f**3 - f + 2. Let h(k) = k - 3. Let v be h(6). Suppose 5*a = 3*u - 16, v*u - 12 = 5*a - 2*a. Let q be (-12)/5 + u/5. What is g(q)?
-4
Suppose 6*w - 4*w = -4*q + 10, -5*q - 2*w = -12. Let m(a) = -a. Let f(l) = 1. Let c(h) = -2*f(h) + 3*m(h). Determine c(q).
-8
Let p = -15 + 20. Let l(y) = y**2 - 4*y - 2. Give l(p).
3
Let y(f) = -f + 0 - 4 - 4. Let s be y(-5). Let v(j) be the first derivative of -j**4/4 - 2*j**3/3 + j**2/2 - 4*j + 3. Determine v(s).
2
Let f(o) = -o + 1. Let i be f(-1). Let m = 10 + -4. Let b be (-14)/m + i/(-3). Let k(n) = n**3 + 2*n**2 - 2*n + 2. Determine k(b).
-1
Let v = 107/1380 - 1/92. Let n(y) be the third deriv